618?
2, 3, 61, 283, 8681
What are the prime factors of 469138167?
3, 5209, 10007
What are the prime factors of 718865179?
17, 5501, 7687
What are the prime factors of 1089136623?
3, 239, 547, 2777
What are the prime factors of 80606882?
2, 31, 1300111
What are the prime factors of 33176272?
2, 37, 56041
What are the prime factors of 177935804?
2, 17, 2616703
What are the prime factors of 711411947?
711411947
List the prime factors of 6476053059.
3, 7, 34264831
List the prime factors of 122856270.
2, 3, 5, 71, 57679
List the prime factors of 432083770.
2, 5, 1201, 35977
List the prime factors of 56777786.
2, 13, 47, 97, 479
What are the prime factors of 1050466533?
3, 17, 20597383
What are the prime factors of 135326102?
2, 89, 239, 3181
What are the prime factors of 484550274?
2, 3, 13, 19, 31, 53, 199
What are the prime factors of 990816769?
19, 479, 108869
List the prime factors of 28767885.
3, 5, 1917859
What are the prime factors of 376736030?
2, 5, 11, 1289, 2657
What are the prime factors of 100076830?
2, 5, 7, 1429669
List the prime factors of 48884245.
5, 19, 514571
What are the prime factors of 3150884779?
7, 19, 101, 4787
What are the prime factors of 875467699?
23, 179, 337, 631
What are the prime factors of 487700487?
3, 23, 785347
List the prime factors of 140878880.
2, 5, 31, 28403
List the prime factors of 6582544306.
2, 13, 101, 2506681
What are the prime factors of 571541738?
2, 37, 7723537
What are the prime factors of 5714001136?
2, 23, 15527177
What are the prime factors of 2367124856?
2, 23, 149, 86341
What are the prime factors of 264468249?
3, 29385361
List the prime factors of 20652186.
2, 3, 3442031
List the prime factors of 981154902.
2, 3, 7, 13, 1796987
What are the prime factors of 3663985900?
2, 5, 36639859
List the prime factors of 372182219.
372182219
What are the prime factors of 67182773?
7, 83, 16519
What are the prime factors of 477845661?
3, 59, 599, 4507
What are the prime factors of 983180738?
2, 41, 11990009
What are the prime factors of 1793913908?
2, 448478477
What are the prime factors of 373840314?
2, 3, 19, 313, 10477
List the prime factors of 4595421559.
59, 77888501
List the prime factors of 960877983.
3, 13, 24637897
What are the prime factors of 902547926?
2, 7, 383, 168323
What are the prime factors of 105549463?
105549463
List the prime factors of 6027556211.
701, 8598511
What are the prime factors of 628218677?
29, 229, 94597
List the prime factors of 3677995.
5, 31, 61, 389
What are the prime factors of 154501160?
2, 5, 11, 19, 18481
List the prime factors of 6152358.
2, 3, 1025393
What are the prime factors of 147480941?
147480941
What are the prime factors of 1124688789?
3, 7, 809, 22067
What are the prime factors of 190146469?
67, 2838007
List the prime factors of 1217086113.
3, 1021, 397351
What are the prime factors of 524914929?
3, 7, 11, 107, 7079
List the prime factors of 1944291241.
17, 89, 1285057
What are the prime factors of 1866878491?
1866878491
List the prime factors of 183406294.
2, 91703147
List the prime factors of 2955317946.
2, 3, 7, 37, 1901749
List the prime factors of 26415499.
11, 2401409
List the prime factors of 64615068.
2, 3, 7, 43, 67, 89
List the prime factors of 1472636869.
11, 133876079
What are the prime factors of 67249544?
2, 8406193
What are the prime factors of 1206363918?
2, 3, 6967, 28859
What are the prime factors of 2937127872?
2, 3, 7, 2185363
What are the prime factors of 196480720?
2, 5, 23, 106783
List the prime factors of 18043036.
2, 11, 3389
What are the prime factors of 89903157?
3, 17, 283, 6229
List the prime factors of 62967604.
2, 7, 53, 151, 281
List the prime factors of 14950729.
14950729
List the prime factors of 66303584.
2, 61, 33967
List the prime factors of 3334930933.
3334930933
What are the prime factors of 1035687930?
2, 3, 5, 23, 1500997
What are the prime factors of 54964122?
2, 3, 109, 229, 367
List the prime factors of 117888468.
2, 3, 631, 15569
What are the prime factors of 146767443?
3, 17, 101, 28493
List the prime factors of 54083094.
2, 3, 13, 693373
List the prime factors of 1835554377.
3, 97, 521, 12107
What are the prime factors of 3624815179?
1279, 2834101
List the prime factors of 274268379.
3, 7, 11, 1187309
What are the prime factors of 314329521?
3, 11, 19, 29, 59, 293
What are the prime factors of 9138982?
2, 41, 59, 1889
List the prime factors of 1024484169.
3, 293, 1165511
List the prime factors of 1686531870.
2, 3, 5, 71, 263933
List the prime factors of 1450866330.
2, 3, 5, 1791193
What are the prime factors of 1136876156?
2, 13, 17, 239, 5381
What are the prime factors of 1499815274?
2, 19, 39468823
List the prime factors of 180910615.
5, 1531, 23633
List the prime factors of 333416650.
2, 5, 7, 952619
What are the prime factors of 832035501?
3, 11, 47, 178817
List the prime factors of 10527553.
131, 80363
List the prime factors of 116427458.
2, 7, 17, 489191
What are the prime factors of 238438718?
2, 7, 17031337
List the prime factors of 2959327985.
5, 591865597
List the prime factors of 541210401.
3, 23, 53, 49331
What are the prime factors of 255596687?
43, 53, 112153
List the prime factors of 222272312.
2, 27784039
List the prime factors of 610768900.
2, 5, 7, 389, 2243
List the prime factors of 1907865677.
19, 89, 1128247
What are the prime factors of 4533490536?
2, 3, 3089, 61151
What are the prime factors of 145135886?
2, 7, 10366849
List the prime factors of 591479630.
2, 5, 7, 8449709
What are the prime factors of 661743828?
2, 3, 18381773
List the prime factors of 54013763.
47, 1149229
What are the prime factors of 4488148028?
2, 7, 13, 67, 184031
List the prime factors of 52503719.
71, 389, 1901
What are the prime factors of 156972649?
11717, 13397
List the prime factors of 499290301.
157, 3180193
List the prime factors of 1366514586.
2, 3, 2741, 27697
What are the prime factors of 36311926?
2, 7, 19, 136511
What are the prime factors of 66633087?
3, 2083, 10663
List the prime factors of 739664255.
5, 11, 67, 200723
What are the prime factors of 154337496?
2, 3, 307, 20947
List the prime factors of 2921727571.
7, 83, 5028791
What are the prime factors of 1375857642?
2, 3, 839, 273313
What are the prime factors of 917493146?
2, 458746573
List the prime factors of 275957795.
5, 23, 2399633
List the prime factors of 78004884.
2, 3, 67, 97021
What are the prime factors of 185249365?
5, 7, 521, 10159
List the prime factors of 3252430439.
1103, 2948713
List the prime factors of 42348757.
11, 37, 67, 1553
What are the prime factors of 1056492176?
2, 66030761
What are the prime factors of 33692077?
97, 347341
List the prime factors of 1647798944.
2, 11, 47, 103, 967
What are the prime factors of 1418472474?
2, 3, 19, 12442741
List the prime factors of 61048924.
2, 71, 103, 2087
What are the prime factors of 225781161?
3, 19, 167, 23719
What are the prime factors of 5118457?
137, 37361
What are the prime factors of 130149330?
2, 3, 5, 1409, 3079
What are the prime factors of 51227605?
5, 11, 13, 71647
What are the prime factors of 109733151?
3, 11, 19, 175013
What are the prime factors of 78598353?
3, 41, 639011
List the prime factors of 1208826336.
2, 3, 1117, 11273
List the prime factors of 178873941.
3, 4073, 14639
List the prime factors of 6259906199.
41, 1327, 115057
List the prime factors of 40149375.
3, 5, 7, 19, 23
List the prime factors of 33730157.
139, 227, 1069
What are the prime factors of 602896376?
2, 139, 463, 1171
List the prime factors of 1667995986.
2, 3, 6091, 45641
List the prime factors of 43166702.
2, 1579, 13669
What are the prime factors of 1162060081?
7, 13, 12769891
What are the prime factors of 1322301587?
6689, 197683
List the prime factors of 29422036.
2, 7, 17, 113, 547
List the prime factors of 6231017.
13, 479309
What are the prime factors of 2539884258?
2, 3, 141104681
What are the prime factors of 364728419?
11, 283, 117163
List the prime factors of 112745534.
2, 11, 5124797
List the prime factors of 5154409373.
21911, 235243
What are the prime factors of 408385801?
29, 14082269
List the prime factors of 829715118.
2, 3, 167, 828059
What are the prime factors of 26628520?
2, 5, 665713
What are the prime factors of 347197967?
13297, 26111
List the prime factors of 